 = -13 - -58. Let t = -32 + d. Calculate the greatest common factor of w and t.
13
Let y(s) = s**2 - 13*s - 16. Let m be y(15). Suppose 4*t + 184 = 5*x, -16*x = -m*x + 4*t - 68. What is the highest common factor of 9 and x?
9
Let f = -909 + 973. What is the greatest common factor of 176 and f?
16
Let p = 364 + -346. What is the greatest common divisor of p and 84?
6
Let v(p) = -167*p - 7. Let g be v(-3). Let i = 692 - g. What is the highest common factor of 22 and i?
22
Suppose -6*a = -86 - 4. Let i be a/(-5) + (0 - -34). What is the greatest common divisor of 62 and i?
31
Let p = -515 + 554. What is the highest common divisor of p and 39?
39
Let c(r) = -5*r**3 - 5*r**2 - 12*r - 16. Let g be c(-3). What is the highest common divisor of 30 and g?
10
Suppose 0*r - 36 = -3*r. Let z be (51/18)/(2/r). What is the highest common factor of 85 and z?
17
Suppose 16*s + 27 - 219 = 0. What is the highest common divisor of 12 and s?
12
Let t be 10/(-4)*(-54)/15. Suppose 49 = 10*c + t. Calculate the greatest common factor of c and 108.
4
Let v be (33/22)/(3/(-116)). Let b be v/14 - 16/(-112). Let d be (-348)/18*6/b. What is the greatest common factor of d and 203?
29
Let j(u) = 3*u. Let q(r) = -r. Let p(k) = -3*j(k) + 3*q(k). Let y be p(-1). Let t = 18 + -10. What is the highest common divisor of y and t?
4
Suppose -119*b + 115*b + 436 = 2*z, 5*b = 5*z - 1165. Calculate the greatest common factor of z and 36.
12
Suppose 29*i + 20 = 30*i + 3*m, -i = -3*m - 44. Let f = 6 + 2. What is the greatest common factor of i and f?
8
Let k = 67 - 69. Let t(v) = -12*v**3 - 2*v**2 - v + 1. Let x be t(k). Calculate the greatest common factor of x and 13.
13
Let u(v) = 5*v**2 - 2*v - 1. Let b be u(2). Let a(q) = -q**2 - 11*q - 4. Let x be a(-7). Let d = -9 + x. Calculate the greatest common factor of d and b.
15
Let l be 9/(702/3342) - (-6)/39. Calculate the highest common factor of l and 1161.
43
Suppose -2*w = -2*z + 130, 4*z - 5*w = -0*z + 257. Let m = z + -46. Suppose -58*k + 105 + 11 = 0. What is the greatest common divisor of m and k?
2
Let j(n) = n + 3. Let g be j(19). Calculate the greatest common factor of g and 66.
22
Let l be 15/9 - 176880/(-198). What is the greatest common divisor of 5 and l?
5
Suppose 5*r - 9 = 11. Let s be -7 + (7 - r - 2). Let l(z) = 4*z**2 - 5*z + 2. Let a be l(s). Calculate the highest common divisor of 16 and a.
16
Suppose c + 0 = 3*w + 16, c - 4*w - 16 = 0. Suppose -4*m = -2*n - 52, -2*n = 2*m + c - 48. Calculate the highest common factor of m and 98.
14
Let k = -14 - -42. Let x be 8/2*(-7)/(k/(-40)). Calculate the highest common divisor of 100 and x.
20
Let t(m) = -15 - m**3 + 32*m + 5 + 27*m**2 + 3*m**2. Let j be t(31). Calculate the highest common divisor of j and 35.
7
Let m = 761 - 493. What is the greatest common divisor of m and 201?
67
Suppose -4*x = 2*c - 38, 0*x - 8 = -x - c. Let q = 18 - x. What is the greatest common factor of q and 14?
7
Let c = 42 + 12. Let w = 114 + c. Suppose -69 = -k - 2*k - 3*h, -2*k + 44 = h. Calculate the highest common divisor of k and w.
21
Suppose g + g = 0, 2*g + 10 = -2*o. Let p(c) = -3*c**2 - 7*c - 4. Let f be p(o). Let t = -31 - f. Calculate the highest common divisor of 78 and t.
13
Let t be 1/(-5) + 5/25. Suppose -2*l + 6 + 8 = t. Let r be 44/(-10)*(l - 52). Calculate the greatest common factor of r and 18.
18
Let b = 5 + 0. Suppose 23 = b*i - 2. What is the highest common factor of i and 40?
5
Let u(y) = y**2 + 7*y + 1. Let c be u(-6). Let g(l) = l**2 + 5*l + 2. Let i be g(c). Let x = 9 - i. What is the highest common factor of x and 77?
7
Suppose 410 = 7*b + 116. What is the greatest common divisor of 357 and b?
21
Let q be 2 + -2 - (-30 + 1). Let i be (3 - 2)/((-4)/(-784)). Let c = -138 + i. Calculate the greatest common divisor of q and c.
29
Let t(s) be the second derivative of -s**3/6 - 2*s**2 + s. Let o be t(-6). Let x = 3875 + -3859. Calculate the greatest common divisor of o and x.
2
Suppose -q + 87 = -5*r, 5*q - 3*r = 2*r + 335. Calculate the greatest common factor of q and 31.
31
Suppose -4*a + 24 = 4*o + 12, 2*o - a - 3 = 0. Calculate the greatest common divisor of 2 and o.
2
Suppose 0 = -3*s + m - 4, 2*s - 5*m + 6 + 1 = 0. Let y(d) = -209*d**3 + 3*d**2 + 2*d - 1. Let p be y(s). Calculate the highest common factor of 19 and p.
19
Let q be 154/4 - 1/2. Let v be (3 + -28)/(-5) + 945. Suppose v = -6*t + 16*t. Calculate the greatest common divisor of q and t.
19
Let y = -284 + 169. Let r = -91 - y. Calculate the highest common factor of 24 and r.
24
Let r be ((-4)/6)/(12/(-126)). Let o be 2/(4 - (-246)/(-63)). What is the highest common factor of o and r?
7
Let p(o) = 5*o**2 + 21*o + 44. Let z be p(-4). Calculate the highest common factor of z and 80.
40
Suppose 6*q - 7 = 5*q. Let p(a) = -a**2 + 7*a + 4. Let m be p(q). Let r be (-2)/m*(6 + -424). What is the highest common divisor of 19 and r?
19
Let g(c) = 12*c - 16. Let b be g(9). Let q = 108 - b. What is the highest common divisor of q and 32?
16
Suppose 6*x - 3*a - 357 = 2*x, -5*x + 5*a + 445 = 0. Let m(h) = 46*h + 1. Let c be m(-1). Let k = -9 - c. Calculate the greatest common factor of k and x.
18
Let h be (0/6 - -3)*1. Let a be (6/(-2))/((-1)/(-1)). Let l be -1 + 24 + a/(-3). Calculate the highest common factor of h and l.
3
Suppose -v + 20 = 6. Suppose -4*w - 2 = -v. Let r(l) = l**3 - 9*l**2 + 10*l - 10. Let m be r(8). What is the greatest common divisor of w and m?
3
Let t be 1/(6/(-9) + 1). Suppose -t*j = 4*d - 206, 2*d + 374 = 5*j + d. Let f = -47 + j. What is the highest common divisor of f and 9?
9
Let q(n) = 2*n - 46. Let y be q(30). What is the highest common factor of y and 49?
7
Let i(g) = 22*g - 6. Let t be i(6). Let p = -810 - -828. Calculate the greatest common factor of p and t.
18
Let u(k) = k**3 - 4*k**2 + 5*k - 8. Let t be u(4). Suppose -11*d - 4 = -t*d. What is the highest common factor of 44 and d?
4
Let b(l) = 2*l**2 + 2*l - 3. Let m = -13 - -19. Let f be b(m). Let u = 7 + 2. Calculate the highest common factor of f and u.
9
Let m(i) = -i**3 + 7*i**2 - 6*i + 1. Let h be m(6). Let t(u) = 4*u**3 + 36*u**2 - 5*u - 38. Let y be t(-9). Calculate the highest common divisor of y and h.
1
Let c be ((-32)/(-28))/(30/315). Calculate the greatest common factor of 372 and c.
12
Suppose -20 + 89 = s. Calculate the highest common divisor of s and 621.
69
Let s = 28 + 202. What is the highest common divisor of 92 and s?
46
Suppose 2*w - 8 = -2. Suppose -5*x + 10*x - d - 74 = 0, -w*d = 3*x - 48. Let o = -157 + 307. Calculate the greatest common divisor of o and x.
15
Let n be -3*1/(-3) - 4 - -1181. What is the greatest common factor of n and 38?
38
Suppose 2*m - 16146 = -21*m. Calculate the highest common factor of 378 and m.
54
Let r be (-6 - (-38)/6)*15*9. Calculate the greatest common factor of 90 and r.
45
Suppose 5885 = 4*r + 3*n, 3*r = r - 3*n + 2935. Calculate the highest common divisor of r and 25.
25
Let i(m) = m**2 + 10*m - 24. Let c be i(4). Let r(y) = -y**2 + 12*y + 12. Let x be r(10). Calculate the greatest common divisor of x and c.
32
Let p(u) be the third derivative of -u**6/120 - 2*u**5/15 + u**4/4 + 2*u**3/3 - 14*u**2. Let b be p(-9). What is the highest common factor of 341 and b?
31
Let l = -911 + 956. Calculate the highest common factor of l and 1710.
45
Suppose -5*w = -10*w + 160. Let q = -89 - -137. What is the greatest common factor of w and q?
16
Suppose -3*o + 7 = -2. Suppose -5*m + 38 - o = 5*k, 3*k = 15. Suppose -3 - 17 = -m*f. Calculate the greatest common factor of 70 and f.
10
Let v(m) = -m**2 + m + 2. Let y be v(0). Suppose b = y*b + 234. Let f be b/(-8) + (-6)/(-8). What is the highest common factor of 15 and f?
15
Suppose p = -3*p + 112. Let y = 11 - 15. Let g be 2 + p*y/(-4). What is the greatest common factor of g and 12?
6
Let t(x) = -149*x - 10. Suppose 9*h - 8 = 13*h. Let j be t(h). What is the greatest common factor of j and 32?
32
Let d be 5/10*878 - 7. What is the greatest common factor of 27 and d?
27
Suppose -96 = 323*r - 331*r. What is the greatest common factor of 544 and r?
4
Suppose 11 - 2 = b. Suppose -3*d = -b - 0. Suppose d*u - 4*q = 429, 5*u = 3*u - q + 286. Calculate the highest common factor of 13 and u.
13
Let g = 14 - 7. Suppose -210 = l - g*l. Let a = l + -21.